 - 999, 0 = -4*y - 2*w + 43964. Is y prime?
True
Let s be (-4 - 1)*(-60)/75. Let m be 0 + (3 + 3)/3. Is (m/(-2) - -632) + s composite?
True
Let y(o) = 9*o**2 + o. Let v be y(1). Let u = 11 - v. Is (-3 + 2 - -90)/u a prime number?
True
Let z(p) = -5*p**3 + 5*p**2 + 5*p + 207. Let d(a) = -6*a**3 + 6*a**2 + 6*a + 206. Let i(c) = -4*d(c) + 5*z(c). Is i(0) composite?
False
Is 401014/20 + 123/410 a prime number?
True
Let p = 113 + -113. Suppose p*b = 2*b - 246. Is b a composite number?
True
Let w(d) = d**3 + 24*d**2 - 26*d + 4. Let z be w(-18). Suppose z - 272 = -4*k. Let b = k + 907. Is b composite?
True
Let x = 7626 - 3659. Is x a prime number?
True
Suppose 0 = -3*x - 4*t - 13, -3*x + 5*t - 23 = 35. Let o = 9 + x. Is 1*(-448 - o)/(-2) prime?
True
Let n(r) = r + 1. Let c be n(-5). Let y(s) = 1. Let i(w) = -w**3 - 7*w**2 - w + 16. Let p(f) = c*y(f) + i(f). Is p(-9) a prime number?
False
Suppose -2070 = -c + 264. Let x be 8/(280/(-15)) - 90/(-14). Is c/54 - x/27 a prime number?
True
Let t be (-12)/(-4) - (3 - 5). Suppose -2*m - 2544 = -t*u, 3*m + 6 = -0*m. Suppose -2*o = f - 127, 3*o - u = -4*f - 2*o. Is f a composite number?
False
Let c be 12/8 + (-6)/(-4). Suppose 245 = -c*n + 4*n. Suppose -3*x = -3*k - 441, -4*k = -2*x + n + 45. Is x a composite number?
False
Let o = -1359 - -7152. Is o prime?
False
Let c(a) = -a**3 - 12*a**2 - 5*a + 5. Let f be c(-11). Let t = f - -92. Is t a prime number?
True
Let u(h) = 7*h**2 + 13*h - 26. Let o(t) = t**2 - t - 1. Let n(z) = -4*o(z) + u(z). Let s be n(20). Suppose 5*d - s = 517. Is d a prime number?
False
Let s(x) = 3*x**2 - 9*x - 15. Let q be s(-7). Suppose 0 = -c + n + q, n + 394 = c + c. Is c composite?
False
Suppose 3*f = 7*f - 8. Suppose -48 = -3*b + 2*i, 3*b + f*i + 2*i - 30 = 0. Is 21/b - 166/(-4) composite?
False
Let w = 10473 - 40657. Is w/(-72) + 6/(-81)*3 composite?
False
Is 4 + (-8915)/(-35) - 8/(-28) composite?
True
Let o(j) = 209*j + 42. Is o(5) a composite number?
False
Let w(b) = -b**3 - 8 - 15*b**2 - 12*b - 19*b**2 - 3*b**3 + 27*b**2. Is w(-9) a composite number?
True
Let b = 30 - 27. Suppose -5*k + 5 = -0, -560 = -s + b*k. Is s a prime number?
True
Let k(n) = n**3 - 7*n**2 + 6*n. Let r be k(6). Suppose -2*g - 2*y - 692 = r, 1695 = -0*g - 5*g + 2*y. Let x = -132 - g. Is x a composite number?
True
Let f(y) = -2*y**3 + 1. Let d be -1 - 1 - -5 - 4. Let i be f(d). Suppose -3*g - 2*g + 812 = -3*r, -i*g = -3*r - 486. Is g a composite number?
False
Let u be (1/(-1) - -1) + 4. Suppose -1330 = -u*t + 2*d, -t + 2*d = 4*d - 325. Is t prime?
True
Let h(v) = 15*v**3 - 5*v + 5 - 10*v + 5*v**2 + v. Is h(7) a prime number?
True
Suppose 11*r - 2*r = -1908. Let h = 843 + r. Is h composite?
False
Is 14/(-147) + (-53638)/(-42) prime?
True
Let c(s) = -s**3 + 3*s**2 + 5*s - 1. Let b be c(4). Let h(f) = 2 + 2 - 336*f - b + 2. Is h(-1) a composite number?
True
Let l(z) = 12*z**2 - 2*z + 4. Suppose -4*w - 15 = 5. Is l(w) composite?
True
Let q be 9*1*(-7)/21. Let a be 0*(q - 10/(-4)). Let h = a + 35. Is h a prime number?
False
Let o be ((-1)/(-2))/((-5)/(-630)). Suppose -64 = -2*z + 2*i, 0*z + o = 2*z - i. Is z prime?
True
Let c = -1 - 1. Let q be (2/(-6)*0)/c. Suppose q = 12*m - 7*m - 185. Is m a composite number?
False
Let p = -78 + 49. Let w = p + 60. Let d = 45 - w. Is d composite?
True
Let q(g) = -g**3 + 20*g**2 + 29*g + 10. Let a be q(20). Let u = a - -561. Is u a prime number?
True
Suppose 0 = 4*s + 5*k - 6 - 6, 2*k + 12 = 4*s. Suppose s*i - 133 - 206 = 0. Is i a composite number?
False
Suppose 4*f - 72239 = -5*p, -9*p = -11*p - 4*f + 28898. Is p a prime number?
True
Is -1*(-35487)/(-8 + 17) composite?
False
Suppose 0 = -5*d - 5*d + 16230. Let g = -1086 + d. Is g a composite number?
True
Let v = -1920 + 3463. Is v a prime number?
True
Let s be (-9)/7 + 4/14 - -10894. Suppose -4*h + s = -8063. Is h prime?
False
Let d(h) = 207*h**2 + 14*h + 40. Is d(-3) a prime number?
True
Let b(w) = -2013*w + 82. Is b(-7) a composite number?
False
Let z be (-3)/(-15) + 58/10. Suppose -2*n - y = 2848, -4*y - z - 10 = 0. Let h = 2105 + n. Is h prime?
True
Let s(h) = -64*h - 3. Suppose -6 = -3*u + u. Suppose c = 5*c + u*b + 13, -3*b = -5*c - 23. Is s(c) a composite number?
True
Let q(a) = 24*a**3 - 5*a**2 + 33*a + 1. Is q(4) prime?
False
Suppose 0 = 5*u - 2*s - 16, -2*s + 24 = 5*u. Is 257 - (4 - u) - 0 a composite number?
False
Let y(s) = 667*s + 107. Is y(6) a composite number?
True
Is -306*2*(-1)/4 - -4 prime?
True
Suppose 0 = 2*d - 5*w + 19, 37 = 2*d + 5*w + 6. Suppose 5*z - 20 = 0, 3*f + d*z = 6*z + 147. Is f a composite number?
False
Suppose -15*j + 193 = 58. Suppose -2*c - j = -5*c, 4*s - 3*c = 803. Is s prime?
False
Suppose -x = 2*x - 12. Suppose 7*r - 5*r = 4, x*v + 582 = 3*r. Let y = v + 301. Is y composite?
False
Let y = 2 - 0. Suppose -c = 0, -l + 5*c - y - 2 = 0. Is -3*((-164)/6 + l) a composite number?
True
Let h be (2 - -2) + -1 - -13. Let q = h + -4. Suppose 3*z + 3*k = q, k = 2*z - k - 20. Is z prime?
True
Suppose -t = 4*z - 2423, -2*z = -0 + 6. Suppose 3*x - 1461 = -3*i, -5*i + 2*x - 5*x + t = 0. Is i a prime number?
True
Suppose 0 = -4*d + 5*s + 9933, -s + 2*s + 2484 = d. Is d a composite number?
True
Suppose 22118 = 4*w - 3*s, 3*w - 22222 + 5644 = -3*s. Suppose -3*b - 2*j + 4246 = 105, 4*j + w = 4*b. Suppose 6*v - b - 377 = 0. Is v composite?
False
Let t(r) = 3*r**2 - 27*r + 55. Is t(13) a composite number?
False
Let l(y) be the second derivative of y**5/20 + y**4/3 - 5*y**3/6 - 3*y**2/2 + 2*y. Let o be l(6). Suppose -v - 2*v + o = 0. Is v a composite number?
False
Let l = 32 + -17. Suppose l*o = 13*o + 682. Is o prime?
False
Is -6 + 29/5 - 26092/(-10) a composite number?
False
Let z(j) = -6*j**2 - 3*j + 6. Let x be z(9). Let k = x + 297. Is -1 - k - 22/(-11) prime?
True
Is -75 - -74 - 1603*-4 prime?
False
Let f(o) = -16*o**2 + o - 10. Let d(l) = l. Let s(b) = 4*d(b) - f(b). Suppose -23 = 5*r + w, -16 + 7 = r - 2*w. Is s(r) composite?
True
Let b = 86221 + -40844. Is b a prime number?
True
Let f = 59 - 58. Let k(m) = 908*m**3 - 2*m**2 + 2*m - 1. Is k(f) a prime number?
True
Let t be (-2)/(-3)*(-3 + -3). Let m be -3*((-8)/(-6))/t. Is -18*(-1 - m) - -1 prime?
True
Let d(s) be the first derivative of 4*s**3/3 - 7*s**2/2 + 13*s + 8. Is d(8) a composite number?
True
Suppose v = -5*a + 211045, -6*a = -3*a - 2*v - 126627. Is a a composite number?
False
Let b be (-4740)/45*(-6)/4. Let n(z) = z**3 - 9*z**2 + 10*z - 11. Let h be n(9). Let q = b - h. Is q composite?
False
Let i(f) = -2*f**2 + 20*f + 178. Let m be i(-11). Suppose 2*y + 2*y + 811 = 5*k, 3*y + 594 = -k. Let z = y - m. Is z composite?
True
Suppose -6*c = -c + 3*l - 46, -l + 34 = 4*c. Let h(w) = -w + 12. Let g be h(c). Is (16 + -14)*178/g composite?
False
Suppose -5*c + 8549 = -2*c + 5*m, -2*m = -8. Is c prime?
True
Let w(s) = -s**3 + 7*s**2 + 11*s - 20. Let y be w(8). Suppose -4*p - 4*r + 2*r = -230, 227 = y*p + 3*r. Is p a prime number?
True
Suppose 4*c = -5*d - 3 - 30, d - 1 = 3*c. Is ((-8)/c)/(-1 - 666/(-662)) a composite number?
True
Let h be (-35321)/(-44) - (-6)/(-8). Let d = h - -559. Is d composite?
False
Let a(l) = -17*l - 6. Let w(b) = b**2 + 5*b - 7. Let q be w(-5). Let z be a(q). Let m = -76 + z. Is m prime?
True
Suppose h + 3 = -2*z, 2*z - 4*h = h + 15. Let t(y) = -1 - 7 + z - 22*y - 1. Is t(-7) composite?
True
Suppose -4*k = -2*s - 10, 0*s + 3*s - 15 = 0. Is 0 + (-27)/45*k*-337 a prime number?
False
Let r be 3*((-5)/((-10)/(-8)))/(-6). Suppose -u + 3*x + 316 = 0, -5*x - 1237 = -4*u - r*x. Is u a composite number?
False
Is (2 + (-15)/9)*(12 + 32331) a composite number?
False
Suppose 0 = 7*y - 9*y + 10, 5*k + 2*y = 71925. Is k composite?
True
Let z = 29154 + -19843. Is z composite?
False
Let j = 665 + -366. Let p be (64/(-6))/((-8)/(-132)). Let l = j + p. Is l prime?
False
Is ((-207)/(-36))/((-5)/(-8980)) prime?
False
Suppose -3*v + 8 + 56 = 5*l, 4*l - 98 = -5*v. Suppose 4*n - 4228 = -4*b, -5*b - v = 2. Is n a composite number?
False
Let h = 5572 + -3959. Suppose t - 3*t = 3*a - h, -2*a - 5*t + 1090 = 0. Is a a composite number?
True
Is (-3)/(-12) - 29068/(-16) a composite number?
True
Let x be 1 + -11 + (-44)/(-22). Is 12/x - (-1762)/4 a composite number?
False
Let c(p) = -1 + 0*p - p + 0*p + 2*p**2 - 2*p. Let q be c(-1). Suppose 3*n = w + 378, 